 when 5964 is divided by 34?
14
What is the remainder when 25260 is divided by 3608?
4
Calculate the remainder when 477677 is divided by 65.
57
What is the remainder when 64664 is divided by 7184?
8
Calculate the remainder when 1060 is divided by 336.
52
Calculate the remainder when 161396 is divided by 120.
116
Calculate the remainder when 12932 is divided by 34.
12
What is the remainder when 12874 is divided by 80?
74
Calculate the remainder when 1074 is divided by 1.
0
What is the remainder when 86807 is divided by 159?
152
Calculate the remainder when 229868 is divided by 27.
17
Calculate the remainder when 19706 is divided by 159.
149
Calculate the remainder when 4885 is divided by 375.
10
Calculate the remainder when 1722 is divided by 69.
66
What is the remainder when 457127 is divided by 118?
113
What is the remainder when 316438 is divided by 54?
52
Calculate the remainder when 6491 is divided by 108.
11
What is the remainder when 2206 is divided by 90?
46
What is the remainder when 301109 is divided by 30108?
29
What is the remainder when 16266 is divided by 239?
14
Calculate the remainder when 422106 is divided by 583.
14
Calculate the remainder when 390 is divided by 343.
47
Calculate the remainder when 368 is divided by 49.
25
What is the remainder when 151805 is divided by 276?
5
What is the remainder when 2923 is divided by 452?
211
Calculate the remainder when 3405 is divided by 161.
24
What is the remainder when 15447 is divided by 2570?
27
Calculate the remainder when 5023 is divided by 50.
23
What is the remainder when 28014 is divided by 152?
46
Calculate the remainder when 149711 is divided by 196.
163
What is the remainder when 8523 is divided by 533?
528
What is the remainder when 110440 is divided by 181?
30
What is the remainder when 25242 is divided by 25134?
108
Calculate the remainder when 3045 is divided by 31.
7
Calculate the remainder when 16098 is divided by 5189.
531
What is the remainder when 4347 is divided by 280?
147
Calculate the remainder when 24169 is divided by 17.
12
Calculate the remainder when 5317 is divided by 1752.
61
What is the remainder when 16463 is divided by 822?
23
What is the remainder when 47149 is divided by 99?
25
Calculate the remainder when 35677 is divided by 17835.
7
What is the remainder when 78310 is divided by 2526?
4
What is the remainder when 6082 is divided by 76?
2
Calculate the remainder when 236017 is divided by 599.
11
Calculate the remainder when 3401 is divided by 478.
55
What is the remainder when 44910 is divided by 11?
8
Calculate the remainder when 11978 is divided by 11945.
33
Calculate the remainder when 1385 is divided by 71.
36
Calculate the remainder when 984461 is divided by 1179.
1175
What is the remainder when 14179 is divided by 14176?
3
What is the remainder when 184455 is divided by 25?
5
What is the remainder when 13519 is divided by 165?
154
Calculate the remainder when 38690 is divided by 288.
98
Calculate the remainder when 194953 is divided by 24367.
17
What is the remainder when 5029 is divided by 35?
24
What is the remainder when 32363 is divided by 201?
2
Calculate the remainder when 96927 is divided by 48.
15
Calculate the remainder when 27336 is divided by 10.
6
What is the remainder when 446514 is divided by 420?
54
What is the remainder when 476799 is divided by 100?
99
What is the remainder when 595 is divided by 408?
187
Calculate the remainder when 23258 is divided by 1937.
14
What is the remainder when 17727 is divided by 159?
78
Calculate the remainder when 411 is divided by 393.
18
Calculate the remainder when 3719 is divided by 51.
47
Calculate the remainder when 4432 is divided by 1474.
10
What is the remainder when 1542 is divided by 25?
17
What is the remainder when 2540 is divided by 165?
65
What is the remainder when 62523 is divided by 116?
115
Calculate the remainder when 896 is divided by 12.
8
What is the remainder when 25816 is divided by 104?
24
Calculate the remainder when 93813 is divided by 18.
15
What is the remainder when 478447 is divided by 3467?
1
Calculate the remainder when 2008035 is divided by 21.
15
Calculate the remainder when 72685 is divided by 18166.
21
What is the remainder when 1042 is divided by 13?
2
What is the remainder when 3844 is divided by 39?
22
What is the remainder when 17617 is divided by 49?
26
What is the remainder when 2173 is divided by 1030?
113
What is the remainder when 22509 is divided by 4?
1
Calculate the remainder when 566383 is divided by 778.
777
Calculate the remainder when 28878 is divided by 16.
14
What is the remainder when 11174 is divided by 24?
14
Calculate the remainder when 23743 is divided by 1323.
1252
What is the remainder when 6510 is divided by 6502?
8
Calculate the remainder when 29296 is divided by 14647.
2
Calculate the remainder when 177020 is divided by 51.
50
What is the remainder when 2342 is divided by 210?
32
Calculate the remainder when 108195 is divided by 128.
35
Calculate the remainder when 5457 is divided by 604.
21
What is the remainder when 326 is divided by 5?
1
What is the remainder when 76634 is divided by 98?
96
Calculate the remainder when 67155 is divided by 101.
91
Calculate the remainder when 5639 is divided by 83.
78
What is the remainder when 711 is divided by 267?
177
Calculate the remainder when 1105 is divided by 1070.
35
Calculate the remainder when 6838 is divided by 380.
378
What is the remainder when 244263 is divided by 17447?
5
Calculate the remainder when 1039975 is divided by 56.
55
What is the remainder when 5206 is divided by 452?
234
What is the remainder when 7559 is divided by 295?
184
Calculate the remainder when 1027 is divided by 29.
12
Calculate the remainder when 3784 is divided by 48.
40
What is the remainder when 3267 is divided by 127?
92
Calculate the remainder when 23868 is divided by 107.
7
Calculate the remainder when 25544 is divided by 22.
2
Calculate the remainder when 8468 is divided by 8095.
373
Calculate the remainder when 16131 is divided by 49.
10
Calculate the remainder when 24621 is divided by 270.
51
Calculate the remainder when 2699 is divided by 2191.
508
Calculate the remainder when 30999 is divided by 159.
153
What is the remainder when 10189 is divided by 1690?
49
What is the remainder when 249806 is divided by 25?
6
What is the remainder when 5382 is divided by 172?
50
Calculate the remainder when 63083 is divided by 15.
8
What is the remainder when 1023108 is divided by 24?
12
What is the remainder when 13544 is divided by 144?
8
What is the remainder when 16272 is divided by 36?
0
What is the remainder when 2472 is divided by 333?
141
Calculate the remainder when 43 is divided by 30.
13
What is the remainder when 16753 is divided by 42?
37
Calculate the remainder when 5907 is divided by 6.
3
Calculate the remainder when 332964 is divided by 36994.
18
Calculate the remainder when 898 is divided by 579.
319
Calculate the remainder when 22308 is divided by 421.
416
Calculate the remainder when 381029 is divided by 30.
29
Calculate the remainder when 204612 is divided by 3860.
32
Calculate the remainder when 7923 is divided by 793.
786
Calculate the remainder when 783 is divided by 129.
9
What is the remainder when 905411 is divided by 21557?
17
What is the remainder when 7522023 is divided by 1349?
1348
Calculate the remainder when 5056 is divided by 221.
194
What is the remainder when 5028 is divided by 825?
78
What is the remainder when 500 is divided by 99?
5
Calculate the remainder when 2716 is divided by 972.
772
Calculate the remainder when 28377 is divided by 28364.
13
Calculate the remainder when 2844 is divided by 66.
6
What is the remainder when 283539 is divided by 332?
11
Calculate the remainder when 1504 is divided by 439.
187
What is the remainder when 28157 is divided by 2?
1
Calculate the remainder when 403796 is divided by 2092.
40
What is the remainder when 1052 is divided by 486?
80
What is the remainder when 425446 is divided by 311?
309
What is the remainder when 5881 is divided by 623?
274
Calculate the remainder when 929 is divided by 103.
2
What is the remainder when 63882 is divided by 63554?
328
What is the remainder when 59083 is divided by 4543?
24
What is the remainde